ppose 2*c - 2*l = 22, w*c - 3*l + 79 = 8*c. Is (1 - -3)*c/8 a composite number?
False
Let m be (-9748)/(-11) + (-4)/22. Suppose -886 = -2*o + 2*v, -2*o - 2*v + m = -v. Is o composite?
False
Is -5 - 28/(-5) - (-3952)/5 composite?
True
Is ((-14)/6)/(((-24)/3438)/4) a composite number?
True
Let r(t) = t**3 - 8*t**2 + 6*t + 10. Let a be 141/21 - 2/(-7). Let p be r(a). Suppose -p*h = -h - 22. Is h a prime number?
True
Let i = -341 - -625. Suppose 4*a = 2*a - 386. Let f = i + a. Is f composite?
True
Let j = 13 + -8. Let u(n) = -n**2 + 7*n - 6. Let h be u(j). Suppose -h*i + 53 = -31. Is i prime?
False
Is 1524 + (4 - 10)*(-2)/4 composite?
True
Let m(c) = 376*c + 13. Is m(3) prime?
False
Suppose 0 = -5*s - 3*o + 322, -4*s + o = -2*o - 263. Let i = 31 - s. Let h = i + 47. Is h a prime number?
True
Let c(f) = 155*f - 17. Is c(14) a prime number?
True
Let o(v) = 5*v**2 + 2*v + 5. Let u be o(-9). Suppose -589 - u = -3*s. Is s a composite number?
True
Is (3 - 5)*(-2355)/10 a composite number?
True
Let m = 1969 + -686. Is m prime?
True
Let d(z) = -z**3 - 9*z**2 + z + 19. Is d(-14) a prime number?
False
Suppose 5*a + 5524 = 9*a. Is a prime?
True
Let b(r) = 12*r**2 - r + 3. Let d = 9 + -5. Suppose -16 = -d*c - 0*c. Is b(c) prime?
True
Suppose 2*n + 3*c = -2*n - 3, -2*n - 3*c - 9 = 0. Suppose -n*z = z - 88. Is z composite?
True
Let i be 1*2 - (-2)/2. Suppose 2*y + 8 = 0, 1 - 5 = i*s + 4*y. Suppose 2*m - s*v - 173 = v, 4*m - 3*v = 353. Is m composite?
False
Let p(r) be the second derivative of r**4/12 - 5*r**3/6 - 5*r**2 - r. Suppose -14 = -2*m - 0. Is p(m) a prime number?
False
Let q(v) = 4*v**2 - 3*v - v**2 + 10 - 2*v**2 - 1. Is q(-8) prime?
True
Let s be 0 - 1/(2/(-4)). Suppose o = s*j + 5*o - 162, -o = -4. Let l = j - 18. Is l prime?
False
Let c(z) = z**3 + z**2 - z - 2. Let y be c(2). Let k(v) = -v + 6. Let s be k(y). Is -2 + 3 - (s - 3) prime?
False
Suppose 0 = -3*p + 4*a, 4*p - 2*a + 4*a = 0. Suppose 0 = -g - p*g + 121. Is g prime?
False
Is (-235 - 2 - -2)*-1 a prime number?
False
Is (3/6)/(-1)*-12094 composite?
False
Let i = -11 + 14. Suppose -2*n + 1775 = i*n. Is n a prime number?
False
Let i(y) = -39*y - 16. Is i(-5) a composite number?
False
Let o = -9 + 14. Suppose 0*d + 3*p = d - 139, 0 = -o*d + 5*p + 715. Is d composite?
True
Suppose 4*n = 5*w - 0*w + 1019, -2*w = 6. Is n prime?
True
Let k(t) = t**2 + 6*t - 1. Let r be k(-7). Suppose 0 = -4*h + r*h - 28. Is h prime?
False
Suppose 3*r = 6 - 0. Let c be (0 - (-7 - r)) + -3. Is ((-318)/(-9))/(4/c) a composite number?
False
Let t = -30 - -35. Let i be (-4)/10 - (-2)/5. Is 87 + (3 - t) + i composite?
True
Let j be 4306/6 + 2/6. Let h be (-4)/6 - j/(-6). Suppose 3*k + h = 4*k. Is k prime?
False
Suppose -11 = j + 6. Let a = 5 + -15. Let t = a - j. Is t composite?
False
Is 69994/30 + (-2)/15 a prime number?
True
Let q = 5 + -2. Suppose 0*m - 5*m = 15, 5*t + q*m = 1106. Is t prime?
True
Let m(v) = v**2 - 3*v + 3. Let o be m(3). Suppose 2*x = -x. Suppose 68 = 3*s - s - u, -s - o*u + 41 = x. Is s a prime number?
False
Suppose -4*f + 5*k = -491, 0*k - 3*k - 501 = -4*f. Is f a prime number?
False
Suppose -3 - 1 = c. Let l be 33/9 + c/6. Suppose -k = -l*w + 67, 0*k - 71 = -3*w - k. Is w prime?
True
Let y = 756 - 446. Let a = y - -63. Is a prime?
True
Let h(r) = -4*r**3 - r**2 - 7*r + 21. Is h(-10) composite?
True
Suppose 0 = -43*c + 48*c - 25765. Is c prime?
True
Let v = -8 - -167. Is v a composite number?
True
Let b = 1584 + -901. Is b prime?
True
Suppose -2*u + i - 14 = -247, -4*u + 465 = -3*i. Suppose 4*m = -3*y + 508, m - 10 - u = 3*y. Is m a prime number?
True
Let w be (0 - 5)/((-1)/13). Suppose d = c + 66 - 22, 20 = 5*d. Let j = c + w. Is j a prime number?
False
Let c(d) = -10*d**2 - 11*d - 6. Let u(f) = -f**2 - f. Let h(r) = -c(r) + 3*u(r). Let y be h(-5). Suppose -y = -z - 2*z. Is z composite?
False
Suppose 0 = -2*c + 5*k - 3, 3*k = 4*k - 3. Is (c/(-4))/((-9)/276) a composite number?
True
Suppose -6859 = -5*q + 3*a, 0 = q - a - 4*a - 1363. Is q a composite number?
False
Let g = -305 + 676. Is g a prime number?
False
Let n = -77 - -115. Is n a prime number?
False
Let x(c) = -3*c + 5 + 2*c - 2*c. Suppose v - 4*v = 18. Is x(v) prime?
True
Let o be 7*(0 - (-2)/(-2)). Let m(l) be the third derivative of l**5/60 + l**4/4 + 7*l**3/6 - 24*l**2. Is m(o) a composite number?
True
Let m(k) = 5*k - 2. Let q(t) = t + 1. Let d(n) = -m(n) + 6*q(n). Let b be d(-6). Suppose b*a + 2*g - 124 = -0*g, -4*g + 114 = 2*a. Is a composite?
False
Suppose -6 = -5*p - 1. Let z be 1/(p/(-2))*-1. Suppose -z*b - d + 98 = 0, 2*b + 2*d + 2*d = 110. Is b a composite number?
False
Is 2*(-4)/(24/(-393)) a composite number?
False
Let t be 244/(-2) + (-1)/(-1). Let v = 172 + t. Is v a composite number?
True
Suppose 0 = 5*l - 39 - 96. Is l - (1 - (1 - 2)) composite?
True
Is 1277 + (-3 + 7)/2 prime?
True
Suppose 2*n = -3*n. Suppose -5*o + 5 = 0, 2*h + n*h + 4*o = 10. Suppose 3*i - h*y - 8 - 103 = 0, -5*y = i - 13. Is i prime?
False
Let i(b) = b**3 - 7*b**2 + 13*b - 10. Let o be i(8). Let p = 268 - o. Suppose 2*x = -h + p, -3*h + 6*h = -5*x + 277. Is x a prime number?
True
Let h = 2020 + -1385. Is h prime?
False
Is 214 - 5*3/5 prime?
True
Let y be (-88)/(-6) - 4/6. Suppose 0*i + 2*i - 16 = 3*m, 3*i - 2*m - y = 0. Suppose -i*j + 89 = 19. Is j a prime number?
False
Let y(o) = 18*o - 6. Let m be y(4). Suppose -2*n - 86 = -v, 3*v - m = -2*n + 192. Is v a composite number?
True
Suppose -151 - 6 = -h. Is h prime?
True
Let l(b) = 126*b**2 + b + 1. Let q be l(2). Suppose q = 3*d + 3*w, w + 3*w = 0. Is d a prime number?
False
Let q(p) be the second derivative of -p**3/6 + 51*p**2/2 + 3*p. Is q(0) composite?
True
Let v be -3*4*1/(-2). Let r(k) = 11*k**3 - 26*k**2 - 14*k - 6. Let l(h) = 4*h**3 - 9*h**2 - 5*h - 2. Let f(g) = 8*l(g) - 3*r(g). Is f(v) prime?
False
Suppose -2*f + 1564 = 2*f. Is f a composite number?
True
Suppose 213*j - 211*j = 1354. Is j a composite number?
False
Let f(s) = s**3 + s**2 - s + 1. Let r be f(0). Let g be (-2 + r - 1) + 71. Let k = g - 38. Is k a prime number?
True
Let o be (16 - 1)/(-3)*1. Let y(w) be the third derivative of w**5/60 + w**4/12 - 5*w**3/6 + 2*w**2. Is y(o) a composite number?
True
Let o be (5/2)/(3/(-186)). Let j = 264 + o. Let u = -74 + j. Is u composite?
True
Let z(a) = -a - 143. Let u(p) = -p**3 - 6*p**2 + p + 6. Let y be u(-6). Let g be z(y). Let k = 24 - g. Is k a composite number?
False
Let l = -6 + 6. Suppose 4*h + l = 28. Suppose 44 = h*d - 3*d. Is d composite?
False
Let x = 68 + 6. Is x prime?
False
Is 12/60 + (-41868)/(-10) a prime number?
False
Suppose 3*b - 4*k - 101 = 0, 3*b + k + k = 125. Let s = b + -18. Is s a composite number?
True
Let o be (8/10)/(1/10). Suppose 5*k = k + o. Is ((-2)/(-6))/(k/186) prime?
True
Let z = 3051 + -1874. Is z prime?
False
Let z(q) = -10*q + 7. Let i(w) = -189*w + 133. Let v = -2 + -1. Let u(g) = v*i(g) + 56*z(g). Is u(8) composite?
True
Suppose 8*o + 5*a = 3*o + 1335, o + 4*a = 273. Is o composite?
True
Suppose 0 = 4*k - 2 - 38. Let y = k + 57. Is y composite?
False
Let b = 131 - 78. Is b a prime number?
True
Suppose 5*y + 39224 = 13*y. Is y a prime number?
True
Let l be ((-10)/3)/((-6)/9). Suppose -3*a = -9, -362 = -l*y + 2*a - a. Let v = y + -48. Is v prime?
False
Let c = 230 - -289. Is c a prime number?
False
Let x = 20 - -151. Let r = x + -112. Is r a prime number?
True
Let d(t) = -89*t**3. Is d(-1) prime?
True
Suppose -4*m - 3*n + 6007 = 0, 1535 - 9037 = -5*m + 3*n. Is m a composite number?
True
Suppose -5*w + 650 = -815. Is w a composite number?
False
Suppose 8 = 2*d + 2*d. Suppose -d*s + 38 + 40 = 0. Is s a composite number?
True
Suppose -3*g + 147 = 2*v - 4, 3*v - 5*g = 198. Is v composite?
False
Suppose -5*n - 2*y = -44, 4*y - 11 = -5*n + 37. Suppose d = -d + n. Suppose -5*r = -5, -r - 268 = -3*j + d*r. Is j a composite number?
True
Suppose -o - 71 = -2*h, 3*h - 4*h + 43 = -3*o. Suppose -g = -d + 56, -4*g - h = d - 115. Suppose -5*i = d - 626. Is i prime?
True
Let n(t) = 6*t + 7. Let s(z) = 12*z + 13. Let c(x) = -9*n(x) + 4*s(x). Is c(-8) composite?
False
Let m(g) = 38*g - 1. Let z be (0 + -3)/(-1 - 2). Is m(z) composite?
False
Suppose 3*y + 3 = 12. Let v(w) = 2*w - 2. Let k be v(y). Suppose -130 = -k*f + 102. Is f a prime number?
False
Let s = -2 - 1. Let 